{"id":968,"date":"2023-03-13T10:55:55","date_gmt":"2023-03-13T09:55:55","guid":{"rendered":"https:\/\/www.wg-elsterstrand.de\/wg-elsterstrand\/?page_id=968"},"modified":"2024-08-12T21:25:33","modified_gmt":"2024-08-12T19:25:33","slug":"aktuelles-2","status":"publish","type":"page","link":"https:\/\/www.wg-elsterstrand.de\/wg-elsterstrand\/aktuelles-2\/","title":{"rendered":"Aktuelles"},"content":{"rendered":"\n<figure class=\"wp-block-image size-large\"><a href=\"https:\/\/www.pfingstrock.de\" target=\"_blank\" rel=\"noreferrer noopener\"><img loading=\"lazy\" decoding=\"async\" width=\"1024\" height=\"323\" src=\"https:\/\/www.wg-elsterstrand.de\/wg-elsterstrand\/wp-content\/uploads\/2024\/04\/WirSindSponsor_Web-1024x323.jpeg\" alt=\"\" class=\"wp-image-1288\" srcset=\"https:\/\/www.wg-elsterstrand.de\/wg-elsterstrand\/wp-content\/uploads\/2024\/04\/WirSindSponsor_Web-1024x323.jpeg 1024w, https:\/\/www.wg-elsterstrand.de\/wg-elsterstrand\/wp-content\/uploads\/2024\/04\/WirSindSponsor_Web-300x95.jpeg 300w, https:\/\/www.wg-elsterstrand.de\/wg-elsterstrand\/wp-content\/uploads\/2024\/04\/WirSindSponsor_Web-768x242.jpeg 768w, https:\/\/www.wg-elsterstrand.de\/wg-elsterstrand\/wp-content\/uploads\/2024\/04\/WirSindSponsor_Web.jpeg 1324w\" sizes=\"auto, (max-width: 1024px) 100vw, 1024px\" \/><\/a><\/figure>\n\n\n\n<hr class=\"wp-block-separator has-alpha-channel-opacity is-style-wide\"\/>\n\n\n\n<h2 class=\"wp-block-heading\">Tag der offenen T\u00fcr<\/h2>\n\n\n\n<p>Unser <strong>Tag der offenen T\u00fcr<\/strong> am <strong>20.09.2023 <\/strong>in der Friedrich-Engels-Stra\u00dfe 8 war ein voller Erfolg.<br>Wir konnten zahlreiche Besucher begr\u00fc\u00dfen, die sich f\u00fcr unser Projekt <strong>\u201eAltersgerechtes Wohnen\u201c<\/strong> in Herzberg interessierten.<br><a rel=\"noreferrer noopener\" href=\"https:\/\/www.wg-elsterstrand.de\/wg-elsterstrand\/wp-content\/uploads\/2023\/10\/Tag-der-offenen-Tuer.pdf\" data-type=\"attachment\" data-id=\"1269\" target=\"_blank\"><strong>Artikel<\/strong><\/a><\/p>\n\n\n\n<hr class=\"wp-block-separator has-alpha-channel-opacity is-style-wide\"\/>\n\n\n\n<div class=\"wp-block-media-text alignwide has-media-on-the-right is-stacked-on-mobile is-vertically-aligned-top\" style=\"grid-template-columns:auto 30%\"><div class=\"wp-block-media-text__content\">\n<h2 class=\"wp-block-heading\">Pfingstrock im Botanischen Garten in Herzberg<\/h2>\n\n\n\n<p>Wir haben auch in diesem Jahr den <a href=\"https:\/\/pfingstrock.de\/wordpress\/\" target=\"_blank\" rel=\"noreferrer noopener\"><strong>Pfingstrock in Herzberg<\/strong><\/a> wieder unterst\u00fctzt.<\/p>\n<\/div><figure class=\"wp-block-media-text__media\"><img loading=\"lazy\" decoding=\"async\" width=\"1024\" height=\"768\" src=\"https:\/\/www.wg-elsterstrand.de\/wg-elsterstrand\/wp-content\/uploads\/2023\/07\/PHOTO-2023-02-07-10-30-49.jpg\" alt=\"\" class=\"wp-image-1126 size-full\" srcset=\"https:\/\/www.wg-elsterstrand.de\/wg-elsterstrand\/wp-content\/uploads\/2023\/07\/PHOTO-2023-02-07-10-30-49.jpg 1024w, https:\/\/www.wg-elsterstrand.de\/wg-elsterstrand\/wp-content\/uploads\/2023\/07\/PHOTO-2023-02-07-10-30-49-300x225.jpg 300w, https:\/\/www.wg-elsterstrand.de\/wg-elsterstrand\/wp-content\/uploads\/2023\/07\/PHOTO-2023-02-07-10-30-49-768x576.jpg 768w\" sizes=\"auto, (max-width: 1024px) 100vw, 1024px\" \/><\/figure><\/div>\n\n\n\n<hr class=\"wp-block-separator has-alpha-channel-opacity is-style-wide\"\/>\n\n\n\n<div class=\"wp-block-media-text alignwide is-stacked-on-mobile is-vertically-aligned-top\" style=\"grid-template-columns:30% auto\"><figure class=\"wp-block-media-text__media\"><img loading=\"lazy\" decoding=\"async\" width=\"1024\" height=\"768\" src=\"https:\/\/www.wg-elsterstrand.de\/wg-elsterstrand\/wp-content\/uploads\/2023\/03\/IMG_6760-1024x768.jpg\" alt=\"\" class=\"wp-image-970 size-full\" srcset=\"https:\/\/www.wg-elsterstrand.de\/wg-elsterstrand\/wp-content\/uploads\/2023\/03\/IMG_6760-1024x768.jpg 1024w, https:\/\/www.wg-elsterstrand.de\/wg-elsterstrand\/wp-content\/uploads\/2023\/03\/IMG_6760-300x225.jpg 300w, https:\/\/www.wg-elsterstrand.de\/wg-elsterstrand\/wp-content\/uploads\/2023\/03\/IMG_6760-768x576.jpg 768w, https:\/\/www.wg-elsterstrand.de\/wg-elsterstrand\/wp-content\/uploads\/2023\/03\/IMG_6760-1536x1152.jpg 1536w, https:\/\/www.wg-elsterstrand.de\/wg-elsterstrand\/wp-content\/uploads\/2023\/03\/IMG_6760-2048x1536.jpg 2048w\" sizes=\"auto, (max-width: 1024px) 100vw, 1024px\" \/><\/figure><div class=\"wp-block-media-text__content\">\n<h2 class=\"wp-block-heading\">Baumpflanzung<\/h2>\n\n\n\n<p>Im Wilhelm-Pieck haben wir 3 B\u00e4ume gepflanzt: einen Amberbaum, eine Blutpflaume und ein Baumhasel.<br>Alle 3 sollen zu einem guten Stadtklima beitragen.<\/p>\n<\/div><\/div>\n\n\n\n<hr class=\"wp-block-separator has-alpha-channel-opacity is-style-wide\"\/>\n\n\n\n<div class=\"wp-block-media-text alignwide has-media-on-the-right is-stacked-on-mobile is-vertically-aligned-top\" style=\"grid-template-columns:auto 19%\"><div class=\"wp-block-media-text__content\">\n<h2 class=\"wp-block-heading\">Barrierefreie Zweizimmerwohnungen<\/h2>\n\n\n\n<p>In der Friedrich-Engels-Stra\u00dfe 8 entstehen 10 barrierefreie Zweizimmerwohnungen.<br>Die Fertigstellung ist im September 2023 geplant. Noch sind nicht alle Wohnungen vergeben.<br>Bei Interesse melden Sie sich gern bei uns.<\/p>\n<\/div><figure class=\"wp-block-media-text__media\"><img loading=\"lazy\" decoding=\"async\" width=\"768\" height=\"1024\" src=\"https:\/\/www.wg-elsterstrand.de\/wg-elsterstrand\/wp-content\/uploads\/2023\/07\/IMG_1369-768x1024.jpg\" alt=\"\" class=\"wp-image-1078 size-full\" srcset=\"https:\/\/www.wg-elsterstrand.de\/wg-elsterstrand\/wp-content\/uploads\/2023\/07\/IMG_1369-768x1024.jpg 768w, https:\/\/www.wg-elsterstrand.de\/wg-elsterstrand\/wp-content\/uploads\/2023\/07\/IMG_1369-225x300.jpg 225w, https:\/\/www.wg-elsterstrand.de\/wg-elsterstrand\/wp-content\/uploads\/2023\/07\/IMG_1369-1152x1536.jpg 1152w, https:\/\/www.wg-elsterstrand.de\/wg-elsterstrand\/wp-content\/uploads\/2023\/07\/IMG_1369-1536x2048.jpg 1536w, https:\/\/www.wg-elsterstrand.de\/wg-elsterstrand\/wp-content\/uploads\/2023\/07\/IMG_1369-scaled.jpg 1920w\" sizes=\"auto, (max-width: 768px) 100vw, 768px\" \/><\/figure><\/div>\n\n\n\n<hr class=\"wp-block-separator has-alpha-channel-opacity is-style-wide\"\/>\n\n\n\n<figure class=\"wp-block-image size-large is-resized\"><img loading=\"lazy\" decoding=\"async\" width=\"1024\" height=\"679\" src=\"https:\/\/www.wg-elsterstrand.de\/wg-elsterstrand\/wp-content\/uploads\/2023\/07\/Anzeige-Azubi-1024x679.png\" alt=\"\" class=\"wp-image-1131\" style=\"width:534px;height:353px\" srcset=\"https:\/\/www.wg-elsterstrand.de\/wg-elsterstrand\/wp-content\/uploads\/2023\/07\/Anzeige-Azubi-1024x679.png 1024w, https:\/\/www.wg-elsterstrand.de\/wg-elsterstrand\/wp-content\/uploads\/2023\/07\/Anzeige-Azubi-300x199.png 300w, https:\/\/www.wg-elsterstrand.de\/wg-elsterstrand\/wp-content\/uploads\/2023\/07\/Anzeige-Azubi-768x509.png 768w, https:\/\/www.wg-elsterstrand.de\/wg-elsterstrand\/wp-content\/uploads\/2023\/07\/Anzeige-Azubi-1536x1018.png 1536w, https:\/\/www.wg-elsterstrand.de\/wg-elsterstrand\/wp-content\/uploads\/2023\/07\/Anzeige-Azubi-2048x1358.png 2048w\" sizes=\"auto, (max-width: 1024px) 100vw, 1024px\" \/><\/figure>\n","protected":false},"excerpt":{"rendered":"<p>Tag der offenen T\u00fcr Unser Tag der offenen T\u00fcr am 20.09.2023 in der Friedrich-Engels-Stra\u00dfe 8 war ein voller Erfolg.Wir konnten zahlreiche Besucher begr\u00fc\u00dfen, die sich f\u00fcr unser Projekt \u201eAltersgerechtes Wohnen\u201c in Herzberg interessierten.Artikel Pfingstrock im Botanischen Garten in Herzberg Wir haben auch in diesem Jahr den Pfingstrock in Herzberg wieder unterst\u00fctzt. Baumpflanzung Im Wilhelm-Pieck haben [&hellip;]<\/p>\n","protected":false},"author":1,"featured_media":0,"parent":0,"menu_order":0,"comment_status":"closed","ping_status":"closed","template":"","meta":{"_eb_attr":"","ocean_post_layout":"right-sidebar","ocean_both_sidebars_style":"","ocean_both_sidebars_content_width":0,"ocean_both_sidebars_sidebars_width":0,"ocean_sidebar":"0","ocean_second_sidebar":"0","ocean_disable_margins":"enable","ocean_add_body_class":"","ocean_shortcode_before_top_bar":"","ocean_shortcode_after_top_bar":"","ocean_shortcode_before_header":"","ocean_shortcode_after_header":"","ocean_has_shortcode":"","ocean_shortcode_after_title":"","ocean_shortcode_before_footer_widgets":"","ocean_shortcode_after_footer_widgets":"","ocean_shortcode_before_footer_bottom":"","ocean_shortcode_after_footer_bottom":"","ocean_display_top_bar":"default","ocean_display_header":"default","ocean_header_style":"","ocean_center_header_left_menu":"0","ocean_custom_header_template":"0","ocean_custom_logo":0,"ocean_custom_retina_logo":0,"ocean_custom_logo_max_width":0,"ocean_custom_logo_tablet_max_width":0,"ocean_custom_logo_mobile_max_width":0,"ocean_custom_logo_max_height":0,"ocean_custom_logo_tablet_max_height":0,"ocean_custom_logo_mobile_max_height":0,"ocean_header_custom_menu":"0","ocean_menu_typo_font_family":"0","ocean_menu_typo_font_subset":"","ocean_menu_typo_font_size":0,"ocean_menu_typo_font_size_tablet":0,"ocean_menu_typo_font_size_mobile":0,"ocean_menu_typo_font_size_unit":"px","ocean_menu_typo_font_weight":"","ocean_menu_typo_font_weight_tablet":"","ocean_menu_typo_font_weight_mobile":"","ocean_menu_typo_transform":"","ocean_menu_typo_transform_tablet":"","ocean_menu_typo_transform_mobile":"","ocean_menu_typo_line_height":0,"ocean_menu_typo_line_height_tablet":0,"ocean_menu_typo_line_height_mobile":0,"ocean_menu_typo_line_height_unit":"","ocean_menu_typo_spacing":0,"ocean_menu_typo_spacing_tablet":0,"ocean_menu_typo_spacing_mobile":0,"ocean_menu_typo_spacing_unit":"","ocean_menu_link_color":"","ocean_menu_link_color_hover":"","ocean_menu_link_color_active":"","ocean_menu_link_background":"","ocean_menu_link_hover_background":"","ocean_menu_link_active_background":"","ocean_menu_social_links_bg":"","ocean_menu_social_hover_links_bg":"","ocean_menu_social_links_color":"","ocean_menu_social_hover_links_color":"","ocean_disable_title":"default","ocean_disable_heading":"default","ocean_post_title":"","ocean_post_subheading":"","ocean_post_title_style":"","ocean_post_title_background_color":"","ocean_post_title_background":0,"ocean_post_title_bg_image_position":"","ocean_post_title_bg_image_attachment":"","ocean_post_title_bg_image_repeat":"","ocean_post_title_bg_image_size":"","ocean_post_title_height":0,"ocean_post_title_bg_overlay":0.5,"ocean_post_title_bg_overlay_color":"","ocean_disable_breadcrumbs":"default","ocean_breadcrumbs_color":"","ocean_breadcrumbs_separator_color":"","ocean_breadcrumbs_links_color":"","ocean_breadcrumbs_links_hover_color":"","ocean_display_footer_widgets":"default","ocean_display_footer_bottom":"default","ocean_custom_footer_template":"0","footnotes":""},"class_list":["post-968","page","type-page","status-publish","hentry","entry"],"_links":{"self":[{"href":"https:\/\/www.wg-elsterstrand.de\/wg-elsterstrand\/wp-json\/wp\/v2\/pages\/968","targetHints":{"allow":["GET"]}}],"collection":[{"href":"https:\/\/www.wg-elsterstrand.de\/wg-elsterstrand\/wp-json\/wp\/v2\/pages"}],"about":[{"href":"https:\/\/www.wg-elsterstrand.de\/wg-elsterstrand\/wp-json\/wp\/v2\/types\/page"}],"author":[{"embeddable":true,"href":"https:\/\/www.wg-elsterstrand.de\/wg-elsterstrand\/wp-json\/wp\/v2\/users\/1"}],"replies":[{"embeddable":true,"href":"https:\/\/www.wg-elsterstrand.de\/wg-elsterstrand\/wp-json\/wp\/v2\/comments?post=968"}],"version-history":[{"count":18,"href":"https:\/\/www.wg-elsterstrand.de\/wg-elsterstrand\/wp-json\/wp\/v2\/pages\/968\/revisions"}],"predecessor-version":[{"id":1308,"href":"https:\/\/www.wg-elsterstrand.de\/wg-elsterstrand\/wp-json\/wp\/v2\/pages\/968\/revisions\/1308"}],"wp:attachment":[{"href":"https:\/\/www.wg-elsterstrand.de\/wg-elsterstrand\/wp-json\/wp\/v2\/media?parent=968"}],"curies":[{"name":"wp","href":"https:\/\/api.w.org\/{rel}","templated":true}]}}