{"id":8,"date":"2016-08-05T21:17:19","date_gmt":"2016-08-05T19:17:19","guid":{"rendered":"https:\/\/www.wg-elsterstrand.de\/wg-elsterstrand\/?page_id=8"},"modified":"2023-07-05T17:13:19","modified_gmt":"2023-07-05T15:13:19","slug":"angebot-fuer-azubis","status":"publish","type":"page","link":"https:\/\/www.wg-elsterstrand.de\/wg-elsterstrand\/angebot-fuer-azubis\/","title":{"rendered":"Angebot f\u00fcr Azubis"},"content":{"rendered":"\n<p><span style=\"font-family: Arial,Helvetica,Univers,Zurich BT,sans-serif;\"><b>F\u00fcr Euch haben wir ein besonderes Angebot:<\/b><\/span><\/p>\n\n\n\n<p><span style=\"font-family: Arial,Helvetica,Univers,Zurich BT,sans-serif;\">Sucht Ihr eine Wohnung f\u00fcr Euch allein oder wollt Ihr eine WG gr\u00fcnden, dann fragt uns!<\/span><\/p>\n\n\n\n<p><span style=\"font-family: Arial,Helvetica,Univers,Zurich BT,sans-serif;\">Wir bieten Euch den entsprechenden Wohnraum zu besonders g\u00fcnstigen Konditionen f\u00fcr die Dauer Eurer Ausbildung.<\/span><\/p>\n\n\n\n<p><span style=\"font-family: Arial,Helvetica,Univers,Zurich BT,sans-serif;\">Das bedeutet<\/span><\/p>\n\n\n\n<ul class=\"wp-block-list\">\n<li><span style=\"font-family: Arial,Helvetica,Univers,Zurich BT,sans-serif;\">keine Mitgliedschaft<\/span><\/li>\n\n\n\n<li>keine Einzahlung der Genossenschaftsanteile<\/li>\n\n\n\n<li><span style=\"font-family: Arial,Helvetica,Univers,Zurich BT,sans-serif;\">Preisnachlass bei Kaltmiete<\/span><\/li>\n\n\n\n<li>Verwaltungsgeb\u00fchr einmalig 25 Euro<\/li>\n<\/ul>\n\n\n\n<figure class=\"wp-block-image size-full\"><img loading=\"lazy\" decoding=\"async\" width=\"600\" height=\"399\" src=\"https:\/\/www.wg-elsterstrand.de\/wg-elsterstrand\/wp-content\/uploads\/2019\/03\/Anzeige-Azubi.png\" alt=\"\" class=\"wp-image-406\" srcset=\"https:\/\/www.wg-elsterstrand.de\/wg-elsterstrand\/wp-content\/uploads\/2019\/03\/Anzeige-Azubi.png 600w, https:\/\/www.wg-elsterstrand.de\/wg-elsterstrand\/wp-content\/uploads\/2019\/03\/Anzeige-Azubi-300x200.png 300w\" sizes=\"auto, (max-width: 600px) 100vw, 600px\" \/><\/figure>\n","protected":false},"excerpt":{"rendered":"<p>F\u00fcr Euch haben wir ein besonderes Angebot: Sucht Ihr eine Wohnung f\u00fcr Euch allein oder wollt Ihr eine WG gr\u00fcnden, dann fragt uns! Wir bieten Euch den entsprechenden Wohnraum zu besonders g\u00fcnstigen Konditionen f\u00fcr die Dauer Eurer Ausbildung. Das bedeutet<\/p>\n","protected":false},"author":1,"featured_media":0,"parent":0,"menu_order":0,"comment_status":"closed","ping_status":"closed","template":"","meta":{"_eb_attr":"","ocean_post_layout":"","ocean_both_sidebars_style":"","ocean_both_sidebars_content_width":0,"ocean_both_sidebars_sidebars_width":0,"ocean_sidebar":"0","ocean_second_sidebar":"0","ocean_disable_margins":"enable","ocean_add_body_class":"","ocean_shortcode_before_top_bar":"","ocean_shortcode_after_top_bar":"","ocean_shortcode_before_header":"","ocean_shortcode_after_header":"","ocean_has_shortcode":"","ocean_shortcode_after_title":"","ocean_shortcode_before_footer_widgets":"","ocean_shortcode_after_footer_widgets":"","ocean_shortcode_before_footer_bottom":"","ocean_shortcode_after_footer_bottom":"","ocean_display_top_bar":"default","ocean_display_header":"default","ocean_header_style":"","ocean_center_header_left_menu":"0","ocean_custom_header_template":"0","ocean_custom_logo":0,"ocean_custom_retina_logo":0,"ocean_custom_logo_max_width":0,"ocean_custom_logo_tablet_max_width":0,"ocean_custom_logo_mobile_max_width":0,"ocean_custom_logo_max_height":0,"ocean_custom_logo_tablet_max_height":0,"ocean_custom_logo_mobile_max_height":0,"ocean_header_custom_menu":"0","ocean_menu_typo_font_family":"0","ocean_menu_typo_font_subset":"","ocean_menu_typo_font_size":0,"ocean_menu_typo_font_size_tablet":0,"ocean_menu_typo_font_size_mobile":0,"ocean_menu_typo_font_size_unit":"px","ocean_menu_typo_font_weight":"","ocean_menu_typo_font_weight_tablet":"","ocean_menu_typo_font_weight_mobile":"","ocean_menu_typo_transform":"","ocean_menu_typo_transform_tablet":"","ocean_menu_typo_transform_mobile":"","ocean_menu_typo_line_height":0,"ocean_menu_typo_line_height_tablet":0,"ocean_menu_typo_line_height_mobile":0,"ocean_menu_typo_line_height_unit":"","ocean_menu_typo_spacing":0,"ocean_menu_typo_spacing_tablet":0,"ocean_menu_typo_spacing_mobile":0,"ocean_menu_typo_spacing_unit":"","ocean_menu_link_color":"","ocean_menu_link_color_hover":"","ocean_menu_link_color_active":"","ocean_menu_link_background":"","ocean_menu_link_hover_background":"","ocean_menu_link_active_background":"","ocean_menu_social_links_bg":"","ocean_menu_social_hover_links_bg":"","ocean_menu_social_links_color":"","ocean_menu_social_hover_links_color":"","ocean_disable_title":"default","ocean_disable_heading":"default","ocean_post_title":"","ocean_post_subheading":"","ocean_post_title_style":"","ocean_post_title_background_color":"","ocean_post_title_background":0,"ocean_post_title_bg_image_position":"","ocean_post_title_bg_image_attachment":"","ocean_post_title_bg_image_repeat":"","ocean_post_title_bg_image_size":"","ocean_post_title_height":0,"ocean_post_title_bg_overlay":0.5,"ocean_post_title_bg_overlay_color":"","ocean_disable_breadcrumbs":"default","ocean_breadcrumbs_color":"","ocean_breadcrumbs_separator_color":"","ocean_breadcrumbs_links_color":"","ocean_breadcrumbs_links_hover_color":"","ocean_display_footer_widgets":"default","ocean_display_footer_bottom":"default","ocean_custom_footer_template":"0","footnotes":""},"class_list":["post-8","page","type-page","status-publish","hentry","entry"],"_links":{"self":[{"href":"https:\/\/www.wg-elsterstrand.de\/wg-elsterstrand\/wp-json\/wp\/v2\/pages\/8","targetHints":{"allow":["GET"]}}],"collection":[{"href":"https:\/\/www.wg-elsterstrand.de\/wg-elsterstrand\/wp-json\/wp\/v2\/pages"}],"about":[{"href":"https:\/\/www.wg-elsterstrand.de\/wg-elsterstrand\/wp-json\/wp\/v2\/types\/page"}],"author":[{"embeddable":true,"href":"https:\/\/www.wg-elsterstrand.de\/wg-elsterstrand\/wp-json\/wp\/v2\/users\/1"}],"replies":[{"embeddable":true,"href":"https:\/\/www.wg-elsterstrand.de\/wg-elsterstrand\/wp-json\/wp\/v2\/comments?post=8"}],"version-history":[{"count":4,"href":"https:\/\/www.wg-elsterstrand.de\/wg-elsterstrand\/wp-json\/wp\/v2\/pages\/8\/revisions"}],"predecessor-version":[{"id":1106,"href":"https:\/\/www.wg-elsterstrand.de\/wg-elsterstrand\/wp-json\/wp\/v2\/pages\/8\/revisions\/1106"}],"wp:attachment":[{"href":"https:\/\/www.wg-elsterstrand.de\/wg-elsterstrand\/wp-json\/wp\/v2\/media?parent=8"}],"curies":[{"name":"wp","href":"https:\/\/api.w.org\/{rel}","templated":true}]}}