{"id":33,"date":"2016-08-08T20:13:42","date_gmt":"2016-08-08T18:13:42","guid":{"rendered":"https:\/\/www.wg-elsterstrand.de\/wg-elsterstrand\/?page_id=33"},"modified":"2025-10-19T18:12:16","modified_gmt":"2025-10-19T16:12:16","slug":"impressum","status":"publish","type":"page","link":"https:\/\/www.wg-elsterstrand.de\/wg-elsterstrand\/impressum\/","title":{"rendered":"Impressum"},"content":{"rendered":"<p><b>Wohnungsgenossenschaft \u201cElsterstrand\u201d e.G.<br \/>\nKastenbreite 9<br \/>\n04916 Herzberg<\/b><\/p>\n<p>Telefon: +49 (0) 3535 \/ 6071<br \/>\nFax:\u00a0\u00a0\u00a0\u00a0\u00a0\u00a0\u00a0 +49 (0) 3535 \/ 21671<\/p>\n<p>Internet: <a href=\"http:\/\/www.wg-elsterstrand.de\">www.wg-elsterstrand.de<\/a><br \/>\nE-Mail: <a href=\"mailto:info@wg-elsterstrand.de\">info@wg-elsterstrand.de<\/a><\/p>\n<p>Inhaltlich verantwortlich:<br \/>\nDiana Maresch<br \/>\nPatrick Zetzmann<br \/>\nUwe Reiniger<\/p>\n<p>Registergericht: Amtsgericht Cottbus<br \/>\nReg.-Nr.: GnR 199<br \/>\nSteuer-Nr.: 057 \/ 135 \/ 00552<\/p>\n<p><strong>Pr\u00fcfungsverband:<\/strong><\/p>\n<p>BBU<br \/>\nVerband Berlin-Brandenburgischer Wohnungsunternehmen e.V.<br \/>\n-Pr\u00fcfungsverband-<br \/>\nLentzeallee 107<br \/>\n14195 Berlin<\/p>\n<p><strong>Fotos:<\/strong><\/p>\n<p>Azubi-Hinweis <span class=\"blue bleu-de-france-text\" data-t=\"detail-panel-content-author-name\"><a class=\"blue bleu-de-france-text js-contributor-link\" href=\"https:\/\/stock.adobe.com\/de\/contributor\/97750\/alexander-raths?load_type=author&amp;prev_url=detail\" target=\"_blank\" rel=\"noopener\" data-ingest-clicktype=\"details-contributor-link\">Alexander Raths <\/a><\/span>\u00a0\u2013 stock.adobe.com<br \/>\nStartseite <a class=\"photographer rAifkNtEthPdqk46dpRx\" href=\"https:\/\/www.istockphoto.com\/de\/portfolio\/evgenyatamanenko?mediatype=photography\" data-testid=\"photographer\" data-wplink-edit=\"true\"><span class=\"q12SQWbNFTAZu6aWkc3L\">Bildnachweis:<\/span><span class=\"SpbWr2doDLBh09R6lZ5t\">evgenyatamanenko<\/span><\/a><\/p>\n<p><span class=\"inhalt_text_f\"><strong>Haftungshinweis<\/strong><\/span><\/p>\n<p>Mit Urteil vom 12. Mai 1998 hat das Landgericht Hamburg entschieden, dass man durch die Ausbringung eines Links die Inhalte der gelinkten Seite ggf. mit zu verleistungenen hat. Dies kann &#8211; so das LG &#8211; nur dadurch verhindert werden, dass man sich ausdr\u00fccklich von diesen Inhalten distanziert. Wir haben Links auf dieser Seite zu anderen Seiten im Internet gelegt. F\u00fcr all diese Links gilt: Wir m\u00f6chten ausdr\u00fccklich betonen, dass wir keinerlei Einfluss auf die Gestaltung und die Inhalte der gelinkten Seiten haben. Deshalb distanzieren wir uns hiermit ausdr\u00fccklich von allen Inhalten aller gelinkten Seiten auf dieser Homepage und machen uns ihre Inhalte nicht zu eigen. Diese Erkl\u00e4rung gilt f\u00fcr alle auf dieser Homepage ausgebrachten Links.<\/p>\n<p><strong>Verbraucherinformation<\/strong><\/p>\n<p>Gem\u00e4\u00df Verordnung (EU) Nr. 524\/2013:<br \/>\nIm Rahmen der Verordnung \u00fcber Online-Streitbeilegung zu Verbraucherangelegenheiten steht Ihnen unter\u00a0<a class=\"navi_text\" href=\"http:\/\/ec.europa.eu\/consumers\/odr\/\" target=\"_blank\" rel=\"noopener\">http:\/\/ec.europa.eu\/consumers\/odr\/<\/a> eine Online-Streitbeilegungsplattform der EU-Kommission zur Verf\u00fcgung.<br \/>\nKontakt per Mail: <a href=\"mailto:info@wg-elsterstrand.de\">info@wg-elsterstrand.de<\/a><\/p>\n","protected":false},"excerpt":{"rendered":"<p>Wohnungsgenossenschaft \u201cElsterstrand\u201d e.G. Kastenbreite 9 04916 Herzberg Telefon: +49 (0) 3535 \/ 6071 Fax:\u00a0\u00a0\u00a0\u00a0\u00a0\u00a0\u00a0 +49 (0) 3535 \/ 21671 Internet: www.wg-elsterstrand.de E-Mail: info@wg-elsterstrand.de Inhaltlich verantwortlich: Diana Maresch Patrick Zetzmann Uwe Reiniger Registergericht: Amtsgericht Cottbus Reg.-Nr.: GnR 199 Steuer-Nr.: 057 \/ 135 \/ 00552 Pr\u00fcfungsverband: BBU Verband Berlin-Brandenburgischer Wohnungsunternehmen e.V. -Pr\u00fcfungsverband- Lentzeallee 107 14195 Berlin Fotos: [&hellip;]<\/p>\n","protected":false},"author":1,"featured_media":0,"parent":0,"menu_order":0,"comment_status":"closed","ping_status":"closed","template":"","meta":{"_eb_attr":"","ocean_post_layout":"","ocean_both_sidebars_style":"","ocean_both_sidebars_content_width":0,"ocean_both_sidebars_sidebars_width":0,"ocean_sidebar":"0","ocean_second_sidebar":"0","ocean_disable_margins":"enable","ocean_add_body_class":"","ocean_shortcode_before_top_bar":"","ocean_shortcode_after_top_bar":"","ocean_shortcode_before_header":"","ocean_shortcode_after_header":"","ocean_has_shortcode":"","ocean_shortcode_after_title":"","ocean_shortcode_before_footer_widgets":"","ocean_shortcode_after_footer_widgets":"","ocean_shortcode_before_footer_bottom":"","ocean_shortcode_after_footer_bottom":"","ocean_display_top_bar":"default","ocean_display_header":"default","ocean_header_style":"","ocean_center_header_left_menu":"0","ocean_custom_header_template":"0","ocean_custom_logo":0,"ocean_custom_retina_logo":0,"ocean_custom_logo_max_width":0,"ocean_custom_logo_tablet_max_width":0,"ocean_custom_logo_mobile_max_width":0,"ocean_custom_logo_max_height":0,"ocean_custom_logo_tablet_max_height":0,"ocean_custom_logo_mobile_max_height":0,"ocean_header_custom_menu":"0","ocean_menu_typo_font_family":"0","ocean_menu_typo_font_subset":"","ocean_menu_typo_font_size":0,"ocean_menu_typo_font_size_tablet":0,"ocean_menu_typo_font_size_mobile":0,"ocean_menu_typo_font_size_unit":"px","ocean_menu_typo_font_weight":"","ocean_menu_typo_font_weight_tablet":"","ocean_menu_typo_font_weight_mobile":"","ocean_menu_typo_transform":"","ocean_menu_typo_transform_tablet":"","ocean_menu_typo_transform_mobile":"","ocean_menu_typo_line_height":0,"ocean_menu_typo_line_height_tablet":0,"ocean_menu_typo_line_height_mobile":0,"ocean_menu_typo_line_height_unit":"","ocean_menu_typo_spacing":0,"ocean_menu_typo_spacing_tablet":0,"ocean_menu_typo_spacing_mobile":0,"ocean_menu_typo_spacing_unit":"","ocean_menu_link_color":"","ocean_menu_link_color_hover":"","ocean_menu_link_color_active":"","ocean_menu_link_background":"","ocean_menu_link_hover_background":"","ocean_menu_link_active_background":"","ocean_menu_social_links_bg":"","ocean_menu_social_hover_links_bg":"","ocean_menu_social_links_color":"","ocean_menu_social_hover_links_color":"","ocean_disable_title":"default","ocean_disable_heading":"default","ocean_post_title":"","ocean_post_subheading":"","ocean_post_title_style":"","ocean_post_title_background_color":"","ocean_post_title_background":0,"ocean_post_title_bg_image_position":"","ocean_post_title_bg_image_attachment":"","ocean_post_title_bg_image_repeat":"","ocean_post_title_bg_image_size":"","ocean_post_title_height":0,"ocean_post_title_bg_overlay":0.5,"ocean_post_title_bg_overlay_color":"","ocean_disable_breadcrumbs":"default","ocean_breadcrumbs_color":"","ocean_breadcrumbs_separator_color":"","ocean_breadcrumbs_links_color":"","ocean_breadcrumbs_links_hover_color":"","ocean_display_footer_widgets":"default","ocean_display_footer_bottom":"default","ocean_custom_footer_template":"0","footnotes":""},"class_list":["post-33","page","type-page","status-publish","hentry","entry"],"_links":{"self":[{"href":"https:\/\/www.wg-elsterstrand.de\/wg-elsterstrand\/wp-json\/wp\/v2\/pages\/33","targetHints":{"allow":["GET"]}}],"collection":[{"href":"https:\/\/www.wg-elsterstrand.de\/wg-elsterstrand\/wp-json\/wp\/v2\/pages"}],"about":[{"href":"https:\/\/www.wg-elsterstrand.de\/wg-elsterstrand\/wp-json\/wp\/v2\/types\/page"}],"author":[{"embeddable":true,"href":"https:\/\/www.wg-elsterstrand.de\/wg-elsterstrand\/wp-json\/wp\/v2\/users\/1"}],"replies":[{"embeddable":true,"href":"https:\/\/www.wg-elsterstrand.de\/wg-elsterstrand\/wp-json\/wp\/v2\/comments?post=33"}],"version-history":[{"count":16,"href":"https:\/\/www.wg-elsterstrand.de\/wg-elsterstrand\/wp-json\/wp\/v2\/pages\/33\/revisions"}],"predecessor-version":[{"id":1366,"href":"https:\/\/www.wg-elsterstrand.de\/wg-elsterstrand\/wp-json\/wp\/v2\/pages\/33\/revisions\/1366"}],"wp:attachment":[{"href":"https:\/\/www.wg-elsterstrand.de\/wg-elsterstrand\/wp-json\/wp\/v2\/media?parent=33"}],"curies":[{"name":"wp","href":"https:\/\/api.w.org\/{rel}","templated":true}]}}