{"id":258,"date":"2017-06-05T19:46:10","date_gmt":"2017-06-05T17:46:10","guid":{"rendered":"https:\/\/www.wg-elsterstrand.de\/wg-elsterstrand\/?page_id=258"},"modified":"2025-08-12T12:18:54","modified_gmt":"2025-08-12T10:18:54","slug":"datenschutz","status":"publish","type":"page","link":"https:\/\/www.wg-elsterstrand.de\/wg-elsterstrand\/datenschutz\/","title":{"rendered":"Datenschutzerkl\u00e4rung"},"content":{"rendered":"<p><strong>\u00a7 1 Information \u00fcber die Erhebung personenbezogener Daten<\/strong><\/p>\n<p>(1) Im Folgenden informieren wir \u00fcber die Erhebung personenbezogener Daten bei Nutzung unserer Website. Personenbezogene Daten sind alle Daten, die auf Sie pers\u00f6nlich beziehbar sind, z.\u2009B. Name, Adresse, E-Mail-Adressen, Nutzerverhalten.<\/p>\n<p>(2) Verantwortlicher gem. Art.\u00a04 Abs.\u00a07 EU-Datenschutz-Grundverordnung (DS-GVO) ist<\/p>\n<p><strong>Wohnungsgenossenschaft \u201cElsterstrand\u201d e.G.<br \/>\n<\/strong><strong>Kastenbreite 9<br \/>\n<\/strong><strong>04916 Herzberg<\/strong><\/p>\n<p><strong>E- Mail: info@wg-elsterstrand.de<br \/>\n<\/strong><strong>Telefon: +49 (0) 3535 6071<\/strong><\/p>\n<p>(siehe unser Impressum \u201ehttps:\/\/www.wg-elsterstrand.de\/wg-elsterstrand\/impressum\/ \u201c).<\/p>\n<p>Unsere Datenschutzbeauftragte &#8211; <strong>Frau Anja Schwager &#8211; <\/strong>erreichen Sie unter<\/p>\n<p><strong>DSKC Datenschutz- Arbeitssicherheit- Kompetenz- Center GmbH<br \/>\n<\/strong><strong>Sielower Landstra\u00dfe 68<br \/>\n<\/strong><strong>03044 Cottbus<\/strong><\/p>\n<p><strong>E- Mail: info@dskc.de<br \/>\n<\/strong><strong>Telefon: 0355 48679410<\/strong><\/p>\n<p>(3) Bei Ihrer Kontaktaufnahme mit uns per E-Mail oder \u00fcber ein Kontaktformular werden die von Ihnen mitgeteilten Daten (Ihre E-Mail-Adresse, Ihr Name und Ihre Telefonnummer) von uns gespeichert, um Ihre Fragen zu beantworten. Die in diesem Zusammenhang anfallenden Daten l\u00f6schen wir, nachdem die Speicherung nicht mehr erforderlich ist, oder schr\u00e4nken die Verarbeitung ein, falls gesetzliche Aufbewahrungspflichten bestehen.<\/p>\n<p><strong>\u00a7 2 Ihre Rechte<\/strong><\/p>\n<p>(1) Sie haben gegen\u00fcber uns gem\u00e4\u00df \u00a7 13 Abs. 2 lit b DS-GVO folgende Rechte hinsichtlich der Sie betreffenden personenbezogenen Daten:<\/p>\n<ul>\n<li>Recht auf Auskunft,<\/li>\n<li>Recht auf Berichtigung oder L\u00f6schung,<\/li>\n<li>Recht auf Einschr\u00e4nkung der Verarbeitung,<\/li>\n<li>Recht auf Widerspruch gegen die Verarbeitung,<\/li>\n<li>Recht auf Daten\u00fcbertragbarkeit.<\/li>\n<\/ul>\n<p>(2) Sie haben zudem das Recht, sich bei einer Datenschutz-Aufsichtsbeh\u00f6rde \u00fcber die Verarbeitung Ihrer personenbezogenen Daten durch uns zu beschweren.<\/p>\n<p><strong>\u00a7 3 Erhebung personenbezogener Daten bei Besuch unserer Website<\/strong><\/p>\n<p>(1) Bei der blo\u00df informatorischen Nutzung der Website, also wenn Sie sich nicht registrieren oder uns anderweitig Informationen \u00fcbermitteln, erheben wir nur die personenbezogenen Daten, die Ihr Browser an unseren Server \u00fcbermittelt. Wenn Sie unsere Website betrachten m\u00f6chten, erheben wir die folgenden Daten, die f\u00fcr uns technisch erforderlich sind, um Ihnen unsere Website anzuzeigen und die Stabilit\u00e4t und Sicherheit zu gew\u00e4hrleisten (Rechtsgrundlage ist Art.\u00a06 Abs.\u00a01 S.\u00a01 lit. f DS-GVO):<\/p>\n<ul>\n<li>\u00a0IP-Adresse<\/li>\n<li>\u00a0Datum und Uhrzeit der Anfrage<\/li>\n<li>\u00a0Inhalt der Anforderung (konkrete Seite)<\/li>\n<li>\u00a0Zugriffsstatus\/HTTP-Statuscode<\/li>\n<li>\u00a0jeweils \u00fcbertragene Datenmenge<\/li>\n<li>\u00a0Website, von der die Anforderung kommt<\/li>\n<li>\u00a0Browser<\/li>\n<li>\u00a0Betriebssystem und dessen Oberfl\u00e4che<\/li>\n<li>\u00a0Sprache und Version der Browsersoftware.<\/li>\n<\/ul>\n<p>(2) Unsere Website verwendet Cookies. Cookies sind kleine Textdateien, die im Internetbrowser bzw. vom Internetbrowser auf dem Computersystem eines Nutzers gespeichert werden. Ruft ein Nutzer eine Website auf, so kann ein Cookie auf dem Betriebssystem des Nutzers gespeichert werden. Dieser Cookie enth\u00e4lt eine charakteristische Zeichenfolge, die eine eindeutige Identifizierung des Browsers beim erneuten Aufrufen der Website erm\u00f6glicht. Wir setzen Cookies zu dem Zweck ein, unser Angebot nutzerfreundlicher, effektiver und sicherer zu machen. Des Weiteren erm\u00f6glichen Cookies unseren Systemen, Ihren Browser auch nach einem Seitenwechsel zu erkennen und Ihnen Services anzubieten. Einige Funktionen unserer Internetseite k\u00f6nnen ohne den Einsatz von Cookies nicht angeboten werden. F\u00fcr diese ist es erforderlich, dass der Browser auch nach einem Seitenwechsel wiedererkannt wird.<\/p>\n<p>Die Verarbeitung erfolgt auf Grundlage des \u00a7 15 (3) TMG sowie Art. 6 (1) lit. f DSGVO aus dem berechtigten Interesse an den oben genannten Zwecken.<br \/>\nDie auf diese Weise von Ihnen erhobenen Daten werden durch technische Vorkehrungen pseudonymisiert. Eine Zuordnung der Daten zu Ihrer Person ist daher nicht mehr m\u00f6glich. Die Daten werden nicht gemeinsam mit sonstigen personenbezogenen Daten von Ihnen gespeichert.<br \/>\nSie haben das Recht aus Gr\u00fcnden, die sich aus Ihrer besonderen Situation ergeben, jederzeit dieser auf Art. 6 (1) f DSGVO beruhenden Verarbeitung Sie betreffender personenbezogener Daten zu widersprechen.<\/p>\n<p>Cookies werden auf Ihrem Rechner gespeichert. Daher haben Sie die volle Kontrolle \u00fcber die Verwendung von Cookies. Durch die Auswahl entsprechender technischer Einstellungen in Ihrem Internetbrowser k\u00f6nnen Sie die Speicherung der Cookies und \u00dcbermittlung der enthaltenen Daten verhindern. Bereits gespeicherte Cookies k\u00f6nnen jederzeit gel\u00f6scht werden. Wir weisen Sie jedoch darauf hin, dass Sie dann gegebenenfalls nicht s\u00e4mtliche Funktionen dieser Website vollumf\u00e4nglich werden nutzen k\u00f6nnen.<\/p>\n<p>Unter den nachstehenden Links k\u00f6nnen Sie sich informieren, wie Sie die Cookies bei den wichtigsten Browsern verwalten (u.a. auch deaktivieren) k\u00f6nnen:<\/p>\n<p>Chrome Browser: https:\/\/support.google.com\/accounts\/answer\/61416?hl=de<\/p>\n<p>Internet Explorer: https:\/\/support.microsoft.com\/de-de\/help\/17442\/windows-internet-explorer-delete-manage-cookies<\/p>\n<p>Mozilla Firefox: https:\/\/support.mozilla.org\/de\/kb\/cookies-erlauben-und-ablehnen<\/p>\n<p>Safari: https:\/\/support.apple.com\/de-de\/guide\/safari\/manage-cookies-and-website-data-sfri11471\/mac<\/p>\n<p>(3) Folgende Cookies werden beim Besuch unserer Webseite auf Ihrem System gespeichert:<\/p>\n<table style=\"border-collapse: collapse; width: 100%;\" border=\"1\">\n<tbody>\n<tr style=\"height: 38px;\">\n<td style=\"width: 8.74172%; height: 38px;\"><strong>Name<\/strong><\/td>\n<td style=\"width: 14.2605%; height: 38px;\"><strong>Anbieter<\/strong><\/td>\n<td style=\"width: 31.1111%; height: 38px;\"><strong>Zweck<\/strong><\/td>\n<td style=\"width: 10.8021%; height: 38px;\"><strong>Ablauf<\/strong><\/td>\n<td style=\"width: 6.38703%; height: 38px;\"><strong>Typ<\/strong><\/td>\n<\/tr>\n<tr style=\"height: 38px;\">\n<td style=\"width: 71.3025%; height: 38px;\" colspan=\"5\"><strong>Notwendige Cookies:<\/strong><\/td>\n<\/tr>\n<tr style=\"height: 38px;\">\n<td style=\"width: 8.74172%; height: 38px;\">PHPSESSID<\/td>\n<td style=\"width: 14.2605%; height: 38px;\">www.wg-elsterstrand.de<\/td>\n<td style=\"width: 31.1111%; height: 38px;\">Das Cookie wird zur korrekten Auslieferung der Seiteninhalte ben\u00f6tigt.<\/td>\n<td style=\"width: 10.8021%; height: 38px;\">Zum Sitzungsende<\/td>\n<td style=\"width: 6.38703%; height: 38px;\">Host-only<\/td>\n<\/tr>\n<tr style=\"height: 38px;\">\n<td style=\"width: 71.3025%; height: 38px;\" colspan=\"5\"><strong>Statistik Cookies<\/strong><\/td>\n<\/tr>\n<tr style=\"height: 38px;\">\n<td style=\"width: 71.3025%; height: 38px;\" colspan=\"5\">Nicht verwendet<\/td>\n<\/tr>\n<tr style=\"height: 38px;\">\n<td style=\"width: 71.3025%; height: 38px;\" colspan=\"5\"><strong>Tracking Cookies<\/strong><\/td>\n<\/tr>\n<tr style=\"height: 38px;\">\n<td style=\"width: 71.3025%; height: 38px;\" colspan=\"5\">Nicht verwendet<\/td>\n<\/tr>\n<\/tbody>\n<\/table>\n<p>(4) Auf unserer Homepage wird die sogenannten Local Storage Technik (auch \u201eLokale Daten\u201c, \u201eLokaler Speicher\u201c und \u201eWeb Storage\u201c genannt) zum Speichern von Informationen auf Ihrem System nicht genutzt. Dabei werden Daten lokal in Ihrem Browser gespeichert, die auch nach dem Schlie\u00dfen des Browser-Fensters oder dem Beenden des Programms \u2013 soweit Sie den Cache nicht l\u00f6schen &#8211; weiterhin bestehen bleiben und ausgelesen werden k\u00f6nnen.<br \/>\nAuf die im Local Storage gespeicherten Daten k\u00f6nnen Dritte nicht zugreifen. Sie werden an Dritte nicht weitergegeben und auch nicht zu Werbezwecken verwendet.<\/p>\n<p><strong>\u00a7 4 Dauer der Speicherung personenbezogener Daten<\/strong><\/p>\n<p>Die Dauer der Speicherung von personenbezogenen Daten bemisst sich anhand der jeweiligen gesetzlichen Aufbewahrungsfrist (z.B. handels- und steuerrechtliche Aufbewahrungsfristen). Nach Ablauf der Frist werden die entsprechenden Daten routinem\u00e4\u00dfig gel\u00f6scht, sofern sie nicht mehr zur Vertragserf\u00fcllung oder Vertragsanbahnung erforderlich sind und\/oder unsererseits kein berechtigtes Interesse an der Weiterspeicherung fortbesteht.<\/p>\n<p><strong data-start=\"664\" data-end=\"681\">\u00a7 5 Facebook-Link<\/strong><br data-start=\"681\" data-end=\"684\" \/>Auf unserer Website ist lediglich ein Link zu unserer Facebook-Seite integriert. Es werden von uns aus keine Daten an Facebook \u00fcbermittelt, solange Sie nicht auf den Link klicken. Mit dem Anklicken werden Sie auf die Plattform Facebook weitergeleitet.<br data-start=\"937\" data-end=\"940\" \/>Anbieter ist die Meta Platforms Ireland Limited, 4 Grand Canal Square, Grand Canal Harbour, Dublin 2, Irland.<br data-start=\"1051\" data-end=\"1054\" \/>Informationen zur Verarbeitung personenbezogener Daten durch Facebook finden Sie in deren Datenschutzhinweisen unter: <a class=\"\" href=\"https:\/\/www.facebook.com\/privacy\/policy\" target=\"_new\" rel=\"noopener\" data-start=\"1174\" data-end=\"1256\">https:\/\/www.facebook.com\/privacy\/policy<\/a><\/p>\n","protected":false},"excerpt":{"rendered":"<p>\u00a7 1 Information \u00fcber die Erhebung personenbezogener Daten (1) Im Folgenden informieren wir \u00fcber die Erhebung personenbezogener Daten bei Nutzung unserer Website. Personenbezogene Daten sind alle Daten, die auf Sie pers\u00f6nlich beziehbar sind, z.\u2009B. Name, Adresse, E-Mail-Adressen, Nutzerverhalten. (2) Verantwortlicher gem. Art.\u00a04 Abs.\u00a07 EU-Datenschutz-Grundverordnung (DS-GVO) ist Wohnungsgenossenschaft \u201cElsterstrand\u201d e.G. Kastenbreite 9 04916 Herzberg E- Mail: [&hellip;]<\/p>\n","protected":false},"author":1,"featured_media":0,"parent":0,"menu_order":0,"comment_status":"closed","ping_status":"closed","template":"","meta":{"_eb_attr":"","ocean_post_layout":"","ocean_both_sidebars_style":"","ocean_both_sidebars_content_width":0,"ocean_both_sidebars_sidebars_width":0,"ocean_sidebar":"","ocean_second_sidebar":"","ocean_disable_margins":"enable","ocean_add_body_class":"","ocean_shortcode_before_top_bar":"","ocean_shortcode_after_top_bar":"","ocean_shortcode_before_header":"","ocean_shortcode_after_header":"","ocean_has_shortcode":"","ocean_shortcode_after_title":"","ocean_shortcode_before_footer_widgets":"","ocean_shortcode_after_footer_widgets":"","ocean_shortcode_before_footer_bottom":"","ocean_shortcode_after_footer_bottom":"","ocean_display_top_bar":"default","ocean_display_header":"default","ocean_header_style":"","ocean_center_header_left_menu":"","ocean_custom_header_template":"","ocean_custom_logo":0,"ocean_custom_retina_logo":0,"ocean_custom_logo_max_width":0,"ocean_custom_logo_tablet_max_width":0,"ocean_custom_logo_mobile_max_width":0,"ocean_custom_logo_max_height":0,"ocean_custom_logo_tablet_max_height":0,"ocean_custom_logo_mobile_max_height":0,"ocean_header_custom_menu":"","ocean_menu_typo_font_family":"","ocean_menu_typo_font_subset":"","ocean_menu_typo_font_size":0,"ocean_menu_typo_font_size_tablet":0,"ocean_menu_typo_font_size_mobile":0,"ocean_menu_typo_font_size_unit":"px","ocean_menu_typo_font_weight":"","ocean_menu_typo_font_weight_tablet":"","ocean_menu_typo_font_weight_mobile":"","ocean_menu_typo_transform":"","ocean_menu_typo_transform_tablet":"","ocean_menu_typo_transform_mobile":"","ocean_menu_typo_line_height":0,"ocean_menu_typo_line_height_tablet":0,"ocean_menu_typo_line_height_mobile":0,"ocean_menu_typo_line_height_unit":"","ocean_menu_typo_spacing":0,"ocean_menu_typo_spacing_tablet":0,"ocean_menu_typo_spacing_mobile":0,"ocean_menu_typo_spacing_unit":"","ocean_menu_link_color":"","ocean_menu_link_color_hover":"","ocean_menu_link_color_active":"","ocean_menu_link_background":"","ocean_menu_link_hover_background":"","ocean_menu_link_active_background":"","ocean_menu_social_links_bg":"","ocean_menu_social_hover_links_bg":"","ocean_menu_social_links_color":"","ocean_menu_social_hover_links_color":"","ocean_disable_title":"default","ocean_disable_heading":"default","ocean_post_title":"","ocean_post_subheading":"","ocean_post_title_style":"","ocean_post_title_background_color":"","ocean_post_title_background":0,"ocean_post_title_bg_image_position":"","ocean_post_title_bg_image_attachment":"","ocean_post_title_bg_image_repeat":"","ocean_post_title_bg_image_size":"","ocean_post_title_height":0,"ocean_post_title_bg_overlay":0.5,"ocean_post_title_bg_overlay_color":"","ocean_disable_breadcrumbs":"default","ocean_breadcrumbs_color":"","ocean_breadcrumbs_separator_color":"","ocean_breadcrumbs_links_color":"","ocean_breadcrumbs_links_hover_color":"","ocean_display_footer_widgets":"default","ocean_display_footer_bottom":"default","ocean_custom_footer_template":"","footnotes":""},"class_list":["post-258","page","type-page","status-publish","hentry","entry"],"_links":{"self":[{"href":"https:\/\/www.wg-elsterstrand.de\/wg-elsterstrand\/wp-json\/wp\/v2\/pages\/258","targetHints":{"allow":["GET"]}}],"collection":[{"href":"https:\/\/www.wg-elsterstrand.de\/wg-elsterstrand\/wp-json\/wp\/v2\/pages"}],"about":[{"href":"https:\/\/www.wg-elsterstrand.de\/wg-elsterstrand\/wp-json\/wp\/v2\/types\/page"}],"author":[{"embeddable":true,"href":"https:\/\/www.wg-elsterstrand.de\/wg-elsterstrand\/wp-json\/wp\/v2\/users\/1"}],"replies":[{"embeddable":true,"href":"https:\/\/www.wg-elsterstrand.de\/wg-elsterstrand\/wp-json\/wp\/v2\/comments?post=258"}],"version-history":[{"count":18,"href":"https:\/\/www.wg-elsterstrand.de\/wg-elsterstrand\/wp-json\/wp\/v2\/pages\/258\/revisions"}],"predecessor-version":[{"id":1355,"href":"https:\/\/www.wg-elsterstrand.de\/wg-elsterstrand\/wp-json\/wp\/v2\/pages\/258\/revisions\/1355"}],"wp:attachment":[{"href":"https:\/\/www.wg-elsterstrand.de\/wg-elsterstrand\/wp-json\/wp\/v2\/media?parent=258"}],"curies":[{"name":"wp","href":"https:\/\/api.w.org\/{rel}","templated":true}]}}